
3
Let z(g) = 64*g**2 + 68*g + 251. What is the tens digit of z(-4)?
0
Let z(b) = 79*b**2 + 3*b + 4. What is the units digit of z(-3)?
6
Suppose x - 1835 = -2*u, -3*u + 0*x + 2754 = 2*x. What is the units digit of u?
6
Let s = -1257 + 2515. What is the hundreds digit of s?
2
Suppose 0 = 4*n - 51 - 81. Let f be -4*1/((-12)/n). Suppose -8*a = -f*a + 48. What is the units digit of a?
6
Suppose -3*p = -49 + 1. Suppose g + p - 1 = 3*k, 0 = -5*k + 25. What is the units digit of 1/((-3 + g)/(-9))?
3
Suppose -4*t + 4*b - 79 = 405, -4*t - 5*b - 448 = 0. Let z = -91 - t. What is the units digit of z?
6
Let o(b) = 7*b**3 - 6*b**3 + b + 38 + b**2 - 2*b**3. What is the tens digit of o(0)?
3
Suppose 46 = -4*c + 5*c + 2*q, 0 = 4*q - 12. Suppose 0 = -37*r + c*r - 312. What is the units digit of r?
4
Let p(n) = -n**2 + 14*n + 3. Let o be p(6). Let l = -27 + o. What is the units digit of l?
4
Let b(j) be the first derivative of -j**4/2 + 4*j**3/3 - j**2/2 - j + 3. Let s be b(3). Let x = s + 31. What is the units digit of x?
9
Let s(n) = 6*n**2 - 111*n + 9 + 54*n + 67*n. What is the tens digit of s(-6)?
6
What is the hundreds digit of 699 - (-7)/(63/72)?
7
Let w(c) = 5*c + 2. Let z be w(6). Suppose 2*o - z = -4*a, -3*a + o + 31 = 2. Let s = -2 + a. What is the units digit of s?
7
Let z(m) = -m**3 + 13*m**2 - 9*m + 14. Suppose -3*i = -5 - 4. Suppose -38 + 2 = -i*s. What is the units digit of z(s)?
0
Let q(d) = 3*d + 20. Let z be q(-6). Suppose 3*o + 386 = 4*l, -z*l - 2*o + 186 = -0*o. What is the units digit of l?
5
What is the tens digit of 205262/145 - (-8)/20?
1
Let y(p) be the third derivative of -p**4/12 + 2*p**3/3 + 5*p**2. Let a be y(8). Let d(z) = -z**2 - 12*z + 1. What is the units digit of d(a)?
1
Let w be 14 - (-1)/(-4)*0. What is the units digit of 108/(-7)*w/(-3)?
2
Suppose 142*b + 10 = 137*b. What is the hundreds digit of b/(-6) - 3/((-36)/1196)?
1
Let d = -18 + 22. Let w(p) = d*p + 4*p - 11 + 0*p + p. What is the tens digit of w(6)?
4
Let j(u) = -294*u**3 + 2*u**2 - u - 2. Suppose 5*i + 3*p = -14, -4*i - i - 2 = -p. What is the tens digit of j(i)?
9
Suppose -f + 1 + 2 = 0. Suppose -3*r = -4*l + 23, 0 = f*r + r + 5*l - 21. What is the units digit of (0 - (r + 1)) + 22?
2
Suppose 142 = -5*z + 3*k - 4*k, 2*z = -5*k - 43. Let r be 66/9 - 6/(-9). Let u = r - z. What is the tens digit of u?
3
Suppose 7*p = 2*p - 85. Let z = p + 121. What is the hundreds digit of z?
1
Suppose 3*m = 4*m - 13. Let t(n) = 10*n + 28. What is the tens digit of t(m)?
5
Let q be (-10 - (-12 + -10)) + -8. Suppose g - 16 = -3*j, 0*j + 39 = 2*j - 5*g. Suppose -j - 165 = -q*k. What is the units digit of k?
3
Suppose 4*p - 4 - 16 = 0. Suppose 3*g + p*f + 16 = 0, 0*f = 5*g - 2*f - 25. What is the units digit of g?
3
Suppose 244*r = 213*r + 28892. What is the tens digit of r?
3
Let f(a) = -3*a**3 - 26*a**2 - 29*a + 12. What is the units digit of f(-12)?
0
Suppose 108 - 20 = -4*y. Let a = y - -54. What is the units digit of a?
2
Suppose 5*i - 3*b = 32, -2*i + 2*b + 28 = -3*b. Suppose 3*h - 3*w = 180, -i*w - 7 = 3*h - 152. What is the tens digit of h?
5
Suppose 2*y = -10, 3*y - 17 = -4*n + 64. What is the tens digit of n?
2
What is the hundreds digit of (128942/121)/((-8)/(-44))?
8
Suppose 4*m = 5*y + 4566, -3427 = -3*m + 94*y - 89*y. What is the units digit of m?
9
Suppose d - z + 484 = -2*z, 4*z = 2*d + 998. What is the tens digit of (-9)/15 + d/(-15)?
3
Let p be (-9696)/168 - 2/7. Let c be (-1 + (2 - 0))*-33. Let m = c - p. What is the tens digit of m?
2
Suppose -5*g = -3*m + 2*m - 1270, 2*g = -4*m + 486. Suppose -375 = -3*o + 3*h, 4*o = 2*o + 5*h + g. What is the hundreds digit of o?
1
Suppose -3284 = -15*g + 2146. What is the hundreds digit of g?
3
Suppose 5*x - x - 2*j = 598, 0 = x + 2*j - 137. What is the units digit of (24/(-18))/((-2)/x)?
8
Suppose -2*v - 3*d - 2*d - 4 = 0, 0 = v - 5*d + 2. Let u be ((2 - 3) + -33)*v. Suppose -4*m + 8*m - u = 0. What is the units digit of m?
7
Suppose 4*i + 0*i = -120. Let v be (24/(-5))/((152/80)/(-19)). Let m = v + i. What is the tens digit of m?
1
Let s(i) = -17*i + 2. Let z be s(-3). Suppose k = -z - 7. Let t = 116 + k. What is the tens digit of t?
5
Let d(f) = -f**3 + f**2 + 164. Let g be d(0). Suppose g = -12*v + 8*v. Let h = v + 68. What is the units digit of h?
7
Let g(d) = 128*d**2 + d. Suppose 2 = 2*r + 4*f, -5 = -5*r + 2*f - f. What is the units digit of g(r)?
9
Let j = 2066 + -1067. What is the units digit of j?
9
Suppose -704 = -5*k - u - 3*u, -5*k + 732 = -3*u. Suppose a + k = -0*a. What is the tens digit of a/(-10) - (-3)/5?
1
Suppose 3*q = -2*q. Suppose 5*u - 2*u + 9 = q. What is the units digit of (u/(-5))/((-2)/(-10))?
3
Let v be ((-18)/4)/((-11)/(-44)). Let f = -13 - v. Suppose -f*k - 4*g + 294 = 0, 4*g = 5 - 1. What is the tens digit of k?
5
Suppose -4*w + 5 = -3. Suppose 6 = w*n - n. Let z(h) = h**3 - 4*h**2 - 6*h - 11. What is the units digit of z(n)?
5
Let z(m) = m + 43. Suppose -95 = -62*h + 67*h. What is the tens digit of z(h)?
2
Suppose 29*x = 7857 - 1709. What is the units digit of x?
2
Let f(b) = b**2 + b. Let q(z) = -z**3 - 6*z**2 - z - 8. Let v be q(-6). Let k be f(v). Suppose 2*y + k*x - 16 = 0, -5*x - 8 = -x. What is the units digit of y?
0
What is the units digit of (9 - 1066/117) + (-40582)/(-9)?
9
Let y be 25*(4 + (-28)/(-10)). Suppose -17 - y = -o. What is the units digit of o?
7
Let s be ((-15)/(-5))/3*2. What is the tens digit of s/1 - (-166)/2?
8
Suppose -25*x + 3*x = -14696. What is the tens digit of x?
6
Let k = -9 + 43. Let j(i) = -2*i**2 - 21*i + 4. Let y be j(-4). Let c = y - k. What is the tens digit of c?
2
Let z = 21 - 5. What is the tens digit of (z/24)/((-2)/(-213))?
7
Suppose -7*f + 5*f + 96 = 0. Suppose p - 4*x = 35 + 15, -p + 5*x + f = 0. Suppose 0 = z + z - p. What is the units digit of z?
9
Suppose 0 = 2*r - 3*o - 452, 0 = -5*r + 3*o - o + 1119. What is the tens digit of r?
2
Let f(n) = -n**3 + 5*n**2 + n - 2. Let h be f(5). Suppose 0 = 4*l - 8, m - h*l = -2*l - 8. Let y(z) = -4*z - 5. What is the tens digit of y(m)?
1
Suppose -20 = -2*f - 3*f. What is the tens digit of -3 + f + -3 - -65?
6
Let f be 1 - (2 + 1) - -132. Suppose f + 59 = 3*t. What is the tens digit of t?
6
Let q = 107 - 103. Suppose q*l - 256 = 100. What is the units digit of l?
9
Let l(k) = k - 3. Let j be l(16). Suppose j*p - 6*p = 714. What is the tens digit of p?
0
Suppose m = 3*m - 96. Suppose 8*b + 19 = 4*k + 3*b, 3*k - m = -3*b. What is the units digit of k?
1
Suppose 0 = 6*v - 941 + 83. What is the units digit of v?
3
Suppose -964 = -2*d - 34. Let m = -307 + d. What is the tens digit of m?
5
Suppose 182 = 7*o - 126. What is the tens digit of o?
4
Let m = -71 - -128. Let y = -55 + m. What is the units digit of y?
2
Let f = 127 + -114. What is the units digit of (-4)/(1 - f/11)?
2
Suppose -18*q + 3*c + 2635 = -17*q, 0 = 3*q - 5*c - 7885. What is the hundreds digit of q?
6
Suppose g = 5*g - 460. Suppose -g - 50 = -3*k. What is the tens digit of k?
5
Let i(c) = c**3 - 5*c**2 + 6*c - 4. Let o be i(4). Suppose o*s - 94 = 2*s. Suppose -g + 4*p + s = 0, -4*p = -2*g + 39 + 59. What is the tens digit of g?
5
Let l(s) = -43*s + 195. What is the thousands digit of l(-29)?
1
Suppose -v = -3, -223 - 262 = 5*l + 5*v. Let f be l*(2/4)/1. Let a = f - -78. What is the tens digit of a?
2
Suppose -5*g + 1229 = -0*g - 4*o, 5*o = -5*g + 1265. What is the tens digit of g?
4
Let d(j) = -3*j + 4. Let a be d(4). Let n be a/(-28) - 144/14. What is the units digit of (-4)/20 + (-372)/n?
7
Suppose 0 = 3*o + 767 - 896. What is the tens digit of o?
4
Suppose -3*r - 21 = -0*r. Let n(x) = -2*x + 8. Let b be n(r). Suppose 3 = -z + b. What is the units digit of z?
9
Let b(p) = -4*p**3 + 4*p**2 + 2*p - 4. Let t be b(3). Let j = t - -148. Suppose z + j = 4*z. What is the tens digit of z?
2
Suppose -2*r = 18 - 34. Suppose -r = 4*f - 24. Suppose 0 = -f*v + 4 + 148. What is the tens digit of v?
3
Suppose -1270 - 855 = -5*z. What is the tens digit of z?
2
What is the units digit of 4476/7 - ((-72)/56)/(-3)?
9
Let y = -28 - -33. Suppose 2*i = -y - 1, -i - 201 = -3*c. What is the units digit of c?
6
Suppose 0 = 3*w - 5*w - 6. Let p(c) = -2*c - 2. What is the units digit of p(w)?
4
Let o be (20/(-6))/((-11)/(-198)). What is the hundreds digit of 2/(2/o*6/(-1